-5*t - 4*s + 24, 5*s + 3 = t + t. Let q be 2 + 1 - (16 - t). Let n be (-3 - 1*q) + 0. Determine o(n).
11
Let u = 31 + -14. Let t = -15 + u. Let m(l) = 0 - 3 - 2*l - 3 + t. What is m(-6)?
8
Let s(a) = -a**3 + 7*a**2 + 3*a - 2. Let b be s(7). Suppose -5*u = 4*q - b, -3*q + 4*u = 3*u. Let k(y) = 6*y**2 + y. Determine k(q).
7
Let q(i) = i**2 - i - 10. Let y be q(5). Let k = y + -13. Let j be (-8)/k*6/(-4). Let z(b) = b**2 + 2*b - 3. Determine z(j).
5
Let o be (5/(-10))/((-1)/8). Let h(d) = -3*d + 3*d + 6*d - o - 3*d. What is h(4)?
8
Let o(l) = l - 1. Let u(m) = 16*m - 1. Let g be u(6). Let c = g - 67. Let h be ((-2)/3)/(c/(-42)). Determine o(h).
0
Let v(k) = -3 + 4*k - 7*k - 8*k**2 + 20*k**2 - 8*k - k**3. What is v(11)?
-3
Let o(c) be the first derivative of -1/2*c**2 + 3 - c. Let l be 9/(-4 + (4 - -3)). Determine o(l).
-4
Let m(a) be the second derivative of a**3/3 - 5*a**2/2 + a. Let x(n) = n**2 - 19*n + 52. Let h be -8 - -23 - 3/(-3). Let u be x(h). Give m(u).
3
Let w(s) be the third derivative of -s**6/120 - s**5/30 + s**4/4 + 5*s**3/6 - 54*s**2. Give w(-3).
-4
Let b(z) = 20*z**2 - 38*z + 30. Let m(c) = 7*c**2 - 13*c + 11. Let q(a) = 5*b(a) - 14*m(a). What is q(6)?
20
Let t(i) = i**2 - 5*i - 3. Let f be t(3). Let s be (f + 0)*(-12)/(-18). Let w(d) be the first derivative of d**4/4 + 5*d**3/3 - 7*d**2/2 - 3. Calculate w(s).
6
Let w be 3/4 + 39/(-52) + 2. Let a(b) be the first derivative of -b**2 - 4 - 1/4*b**4 + w*b**3 - 5*b. What is a(5)?
10
Let r(p) be the second derivative of -p**4/6 - 3*p**3 - 7*p**2 - 13*p + 9. Give r(-8).
2
Suppose 2*z + 5 = 2*t + 3*t, 0 = t - 3*z - 14. Let d(a) = 10*a**2 - a + 4. Let o(u) = -20*u**2 + u - 7. Let w(h) = 5*d(h) + 3*o(h). What is w(t)?
-9
Suppose 2*q + 20 = -5*a, -4*q = -4*a - 0*a - 16. Let j(h) = 1 - 8*h + 0*h + 14*h - 5*h. Let n(i) = 5*i + 3. Let y(f) = a*j(f) + n(f). Determine y(5).
4
Let y(i) = -i**3 + 7*i**2 + 6*i - 5. Let b be ((-24)/(-10))/((-15)/(-50)). What is y(b)?
-21
Let d = -5 + 3. Let p(s) = -s**3 + s**2 + 2*s + 1. Give p(d).
9
Let a(u) = -u + 1. Let r(x) = -4. Let j(v) = 1. Let f(c) = 14*c + 3. Let d be f(-1). Let n(p) = d*j(p) - 2*r(p). Let y(i) = -a(i) + n(i). Give y(3).
-1
Suppose -3*s + 12 = 0, 4*p = -9*s + 4*s + 36. Let z(v) = 0*v**2 + 6*v + 4*v**2 - 2*v**2 - v**3 - 4. What is z(p)?
-12
Let b(y) = -3*y + 1. Suppose 3*s - 8 - 4 = 0. Suppose 5*i - 4*p = 2, -3*i + p = s*p - 12. Give b(i).
-5
Let i(o) = -o + 4. Let y be (-108)/(-11) - (-22)/121. Let c be (y/(-15))/(2/(-6)). Suppose c*m = -j + 16 - 1, -18 = -4*m + 2*j. Determine i(m).
-2
Let s be (3 - (-5 - -4)) + 2. Let n(x) = -10*x + 8*x**2 - 6*x**2 - 11 - 1. Let h(a) = -3*a**2 + 15*a + 18. Let o(d) = 5*h(d) + 8*n(d). Determine o(s).
0
Let b(n) = n**3 + 21*n**2 + 37*n - 21. Let l be b(-19). Let h(g) = g**3 + 2*g**2 - 3*g - 4. What is h(l)?
2
Let q = 108 + -106. Let t(z) = 3 + 36*z**3 - 75*z**3 - 4*z**q + 40*z**3 + 0 + 2*z. Determine t(3).
0
Suppose 4*u = 3*v + 13, 19 = -v + 5*u - 0*u. Let j(x) be the second derivative of 0 - 2*x + 7/6*x**3 + 1/2*x**2. Calculate j(v).
8
Let u(t) = t + 10. Let f = -22 + 26. Let j = f - 12. Give u(j).
2
Let o(p) = -5*p - 4. Let h(g) = -5*g - 116. Let s be h(-22). What is o(s)?
26
Suppose -4*r + 10 + 6 = 2*j, -3*r = -j - 12. Let i(w) be the first derivative of 1 + 1/3*w**3 - w - 1/2*w**2. Determine i(j).
-1
Let x(j) be the second derivative of j**3/6 - 2*j**2 + j. Let o be ((-80)/4)/(-4) - 3. Suppose -w + o*w = 4. What is x(w)?
0
Suppose 0 = -3*b + 3*n - 0*n - 18, -5*n = -25. Let z(q) = -3 + 12*q + 3. Give z(b).
-12
Let v(b) = -b - 13. Let i(s) = 2*s + 26. Let w(u) = 3*i(u) + 5*v(u). Suppose 80*n + 48 = 72*n. Determine w(n).
7
Let m(j) = -9*j**3 + 13*j**2 - 27*j + 20. Let p(w) = -2*w**3 - 3*w. Let u(x) = -m(x) + 5*p(x). What is u(-14)?
8
Let g(r) = -2*r**3 - 3*r**2 - 2*r - 2. Let y(m) = -m**2 - 1. Let x(p) = -p**2 + 4*p - 3. Suppose -4*f + 10 = f. Let s be x(f). Let a be y(s). Calculate g(a).
6
Let r(b) = -1 + 1 - 3*b + 6*b**3 + 2*b. Let s be -1 + (-1 - -4) + -2. Let a be 3 - (s + 2) - 0. Give r(a).
5
Let i(b) = b**3 - 4*b + 4. Let s be i(2). Let j(n) = s*n - 7 + 1 - 2 + n**2 + 3. Let f(p) = p**2 - 9*p - 4. Let d be f(9). Determine j(d).
-5
Let p(z) = 3*z**3 - 2*z**2 - z - 2. Let s(f) = -2*f**3 - f**2 - f - 1. Let l(h) = p(h) + 2*s(h). Give l(-3).
-4
Suppose 4*i = -20, 3*s - 5 = -0*i - 2*i. Let n(x) = -x - 3. Let z(d) = -1. Let a(t) = -n(t) + 4*z(t). Give a(s).
4
Let o = -13 - -15. Let v(s) = -3 - 2*s + 8*s**o - s + s - 7*s**2. Give v(4).
5
Let u(g) = -1434*g - 1438*g + 6 + 2879*g + g**2. What is u(-9)?
24
Let t = 2 + 4. Let j(u) = 17*u**2 - 65*u**2 - 6*u + 8 + 26*u**2 + 23*u**2. Determine j(t).
8
Let w(z) be the first derivative of -z**2 + 5*z - 121. What is w(-3)?
11
Let l(s) = 3*s**3 - 2*s**3 - 2*s + 13*s - 20*s + 9*s**2 - 7. Determine l(-10).
-17
Let d(x) = 2*x - 3 + 5 + 0*x. Let i(w) = 3*w - 26. Let v be i(13). Let h = v + -10. Calculate d(h).
8
Let c(a) = 10*a**2 - 50*a + 1. Let b(d) = -2*d**2 + 10*d. Let l(m) = 11*b(m) + 2*c(m). Let u be l(5). Let h(n) = -3*n**2 + 4*n - 2. What is h(u)?
-6
Let u(c) = -2 + 7 + 3*c + 4*c. Let i(k) = 5*k + 8 + 9*k - 10*k + 7*k. Let v(w) = -5*i(w) + 8*u(w). Determine v(2).
2
Let a(k) = -26*k - 1. Suppose 0 = -13*z - 2 - 11. Calculate a(z).
25
Let t(b) = 2*b**2 + 5*b + 1. Let z(d) = d**2 - d - 1. Let m(y) = -2*t(y) + 2*z(y). Let l be m(-5). Let j(g) = -g + 12. What is j(l)?
6
Let r(q) be the first derivative of -2*q**2 - 4/3*q**3 + 5*q + 7 + 1/4*q**4. Give r(4).
-11
Let y(w) = -3 + 2*w - w**2 + 3*w + 2. Suppose -8*x + 6*x = -4*p - 10, -4*x - 2*p + 20 = 0. Calculate y(x).
-1
Let j(b) = b**2 - 13*b - 5. Let x(d) = 11*d**2 - 197*d - 4. Let g be x(18). Determine j(g).
9
Let g(z) be the first derivative of -z**4/4 - z**2 - 2*z + 100. Let s = 1 - 3. Determine g(s).
10
Let z(d) = -31*d**3 - 4 + 8*d**3 + 0*d**2 + 10*d**3 + 14*d**3 + d**2. Determine z(-3).
-22
Let a(r) = -r**3 - 8*r**2 + 37*r + 42. Let o be a(-11). Let h(n) = -n - 7. Calculate h(o).
-5
Let z(w) = 2*w**2 + w + 1. Let h(v) = 14*v**2 + 17*v + 16. Let n(y) = -h(y) + 6*z(y). Calculate n(-7).
-31
Let p(z) = -z**2 - 32*z - 223. Let q be p(-11). Let g(j) be the first derivative of -q - 1/2*j**2 + 10*j. What is g(0)?
10
Let p(y) = y**2 - y + 15. Suppose -3 = l - 3*g, -6 = -2*l - 5*g - 1. Give p(l).
15
Let b = 4533 - 4528. Let u(v) be the second derivative of v**3/6 - 3*v**2/2 - v. Give u(b).
2
Let h(q) be the third derivative of q**5/60 + 5*q**4/8 - 19*q**3/6 + 259*q**2. Give h(-16).
-3
Suppose 5*f - 19 = -b, 0*f = 4*f - 3*b. Suppose 0*u = 2*u + 3*y, 0 = -u - f*y + 6. Let g(a) = a**3 + 6*a**2 + 2. Give g(u).
2
Let p be ((-1)/(-2))/(15/(-16) + 1). Let h = -5 + 7. Suppose -3*j + 2*j - 3 = l, 5*l = h*j - p. Let m(w) = w**2 + 2*w. Determine m(l).
0
Let h(r) = 194*r**3 - 50*r**3 + 45 - 47*r**3 - 14*r**2 - 51*r**3 - 47*r**3 + 18*r. Give h(-15).
0
Let l = -22 - -24. Let x(t) = 89 - 17*t - 16*t - 87 + 36*t. Determine x(l).
8
Let m(t) = 15*t**3 - 12*t**2 + 5*t - 4. Let k(o) = 17*o**3 - 14*o**2 + 6*o - 5. Let d(y) = -6*k(y) + 7*m(y). Determine d(2).
24
Suppose 0 = -21*k + 19*k + 10. Let v(w) = -41*w + 3. Let r(p) = 14*p - 2 + 4*p + 9*p. Let g(t) = k*v(t) + 8*r(t). Give g(1).
10
Suppose 0 = -5*b + 2*v + 28, b + 21 - 26 = v. Let z(h) = h**2 - 8*h + 4. Calculate z(b).
-8
Suppose 22 = 32*d - 106. Let k(q) = -2*q + 4. Give k(d).
-4
Let t(s) = -8*s + 19. Let i = -17 + 11. Let v(u) = -7*u + 18. Let w(p) = i*t(p) + 7*v(p). Give w(5).
7
Let i be (-5 + 6)/((21/12)/(-7)). Let f(k) = -k**2 - 4*k + 2. Let q(n) = n**2 + 4*n - 3. Let a(c) = -3*f(c) - 2*q(c). Give a(i).
0
Let z(h) = -h**2 - 7*h + 4. Let t be z(-7). Suppose 2*c = -4*a - 0*a + 8, t = -a - 2*c. Suppose -a*w = -w + 21. Let s(p) = p**2 + 9*p + 5. Give s(w).
-9
Let q be -6 - (1 + (-9)/3). Let v be (-3 - q)*(1 + 0). Let a(r) = -3*r**2 - 1 + r**2 + 4*r**2 + 2*r. Calculate a(v).
3
Let r(m) = -7*m + 6. Let v(a) = -11*a + 9. Let y be 25/5 - (12 - 2). Let k(b) = y*v(b) + 8*r(b). Give k(-4).
7
Let s(a) = 4 - a + 2*a + 4*a - 6*a. Suppose 22 = -5*i + 5*n - n, 3*i + 24 = -3*n. Determine s(i).
10
Let j(s) = -9*s**3 + 2*s - 1. Let k = 22 - 46. Let x = 25 + k. Give j(x).
-8
Let m(p) = -7*p + 7. Let c(r) = -8*r + 8. Let t(o) = -6*c(o) + 7*m(o). Calculate t(2).
-1
Let l = 20 - 18. Let q be 3/(l*15/(-4